{"id":128,"date":"2023-08-12T01:09:37","date_gmt":"2023-08-11T23:09:37","guid":{"rendered":"http:\/\/www.suoniecoloriintoscana.it\/?page_id=128"},"modified":"2023-08-23T11:49:33","modified_gmt":"2023-08-23T09:49:33","slug":"festival-suoni-e-colori-2023","status":"publish","type":"page","link":"https:\/\/www.suoniecoloriintoscana.it\/index.php\/festival-suoni-e-colori-2023\/","title":{"rendered":"FESTIVAL SUONI E COLORI 2023"},"content":{"rendered":"\n<p>Arrivato alla 34\u00b0 edizione , di seguito il programma del Festival Suoni e Colori in Toscana 2023 di Rignano sull&#8217;Arno<\/p>\n\n\n\n<p><\/p>\n\n\n\n<h3 class=\"wp-block-heading\">Gio 31-8 Castello di VOLOGNANO<\/h3>\n\n\n\n<p>Frazione Volognano, 10, 50067 Rignano sull&#8217;Arno FI<\/p>\n\n\n\n<h2 class=\"wp-block-heading\">STEVLAND \u2013 Stevie Wonder in Jazz<\/h2>\n\n\n\n<div class=\"wp-block-image\"><figure class=\"alignleft size-large is-resized\"><img loading=\"lazy\" decoding=\"async\" src=\"https:\/\/www.suoniecoloriintoscana.it\/wp-content\/uploads\/2023\/08\/Stevland-985x1024.jpeg\" alt=\"\" class=\"wp-image-138\" width=\"282\" height=\"292\" srcset=\"https:\/\/www.suoniecoloriintoscana.it\/wp-content\/uploads\/2023\/08\/Stevland-985x1024.jpeg 985w, https:\/\/www.suoniecoloriintoscana.it\/wp-content\/uploads\/2023\/08\/Stevland-289x300.jpeg 289w, https:\/\/www.suoniecoloriintoscana.it\/wp-content\/uploads\/2023\/08\/Stevland-768x798.jpeg 768w, https:\/\/www.suoniecoloriintoscana.it\/wp-content\/uploads\/2023\/08\/Stevland-860x894.jpeg 860w, https:\/\/www.suoniecoloriintoscana.it\/wp-content\/uploads\/2023\/08\/Stevland.jpeg 1114w\" sizes=\"auto, (max-width: 282px) 100vw, 282px\" \/><\/figure><\/div>\n\n\n\n<p><strong>Claudia Tellini, Voce<br>Nicola Vernuccio, Basso<br>Walter Paoli, Batteria<br>Riccardo Galardini, Chiatarra<br>Emanuele Parrini, Violino<\/strong><\/p>\n\n\n\n<p>Stevland, un viaggio musicale all\u2019interno del percorso artistico di Stevie Wonder (all\u2019anagrafe Stevland Morris). Ilprogetto di Claudia Tellini e del suo quintetto, muove dai primissimi lavori di Stevie Wonder, come Where I\u2019m coming from (1971), a partire dai quali comincia la sua produzione come artista libero da ogni vincolo stilistico. Stevie compone, arrangia e suona personalmente tutti gli strumenti, nel primo ed almeno negli altri quattro lavori successivi (Music Of My Mind, Taking Book, Fulfillingness First Finale, Innervisions) e continuer\u00e0 per tutta la sua carriera a suonare il pi\u00f9 possibile da solo. La musica, lo stile, il timbro melodioso della sua voce divenuti inconfondibili, tornano a rivivere, nutriti ed arricchiti dal contributo di arrangiamento a cura del maestro Riccardo Galardini.<\/p>\n\n\n\n<p>L\u2019omaggio al grande Stevie Wonder parte dalla rescissione del contratto con la casa discografica che lo lanci\u00f2 come bimbo prodigio, Motown Records, e tocca brani che troviamo in alcuni album fondamentali ed indimenticabili anche se meno noti al grande pubblico (Where I\u2019m Coming From, Fulfillingness Firts Finale, Music Of My Mind, Innervisions, Taking Book). In queste canzoni Stevie grida la propria insoddisfazione, perch\u00e9 non c\u2019\u00e8 uguaglianza n\u00e9 solidariet\u00e0; i giovani come lui si perdono cercando lo sballo, anzich\u00e9 \u201ceducare la propria mente (Do Yourself A Favor, Too High); la classe politica dice \u201cci penso io\u201d, ma viene a trovare gli ultimi della societ\u00e0, nel ghetto dei neri, solo quando si avvicinano le elezioni (Big Brother, You Haven\u2019t Done Nothing). In altri brani come Living For The City assistiamo ad una descrizione dettagliata della vita miserabile di una famiglia afroamericana che vive \u201ca mala pena per farcela in citt\u00e0\u201d. Ma Stevie Wonder non rinuncia mai alla speranza nelle risorse umane ed offre anche brani solari come Smile Please. Higher Ground e They Won\u2019t Go When I Go parlano invece della consapevolezza che aspira all\u2019illuminazione e della giustizia, almeno dopo la morte. Nella rosa del repertorio figura inoltre un brano mai edito negli album pi\u00f9 famosi: Feeding Off The Love Of The Land, un bellissimo lamento per la stoltezza umana che ha prosciugato i frutti della terra; l\u2019umanit\u00e0 prigioniera dei propri limiti non ascolta e non rispetta l\u2019ecosistema che invece continua a fornirci linfa vitale\u2026ma fino a quando?<\/p>\n\n\n\n<p>Stevland nasce da un\u2019idea e da un desiderio di Claudia Tellini che riconosce in Stevie Wonder il suo primo e grande maestro. Tuttavia, tale maestro, nel lavoro di questo gruppo, figura mentre ancora sperimentava in se stesso il malanimo ed i pensieri propri dei giovani che sperano nel miglioramento e nella sostituzione o riparazione di quello che non va, a cominciare dalla critica e dal levare alto il proprio grido; non \u00e8 il momento della maturit\u00e0, bens\u00ec quello dell\u2019urgenza del messaggio, della richiesta di aiuto e del monito verso chi pu\u00f2 cambiare le cose. Il filo intessuto nei testi e gli argomenti da cui essi traggono spunto trovano eco nei testi scelti (Orwell, dallo stesso Stevie Wonder per Big Brother, e Pasolini come scelta di Claudia per Living For The City) per arricchire le riflessioni con esempi illustri e dirompenti; cos\u00ec come dirompenti sono alcuni testi di queste canzoni.<\/p>\n\n\n\n<p>Il lavoro del gruppo sta innanzitutto nel coraggio di cercare un suono caratteristico proprio, diverso dal sound di Stevie Wonder, e pure rispettoso dell\u2019armonia, a partire dal crogiuolo del jazz meno tradizionale, ambiente certamente pi\u00f9 aperto alle \u201cderoghe\u201d ed alle sperimentazioni. Il brano \u201cLittle Brother\u201d che collega Look Around a Big Brother, \u00e8 scritto da Riccardo Galardini; gli arrangiamenti sono del gruppo Stevland che ha consolidato questo lavoro, iniziato nel 2008 fino all\u2019uscita in vinile e in cd del 2013.<\/p>\n\n\n\n<div class=\"wp-block-buttons is-layout-flex wp-block-buttons-is-layout-flex\">\n<div class=\"wp-block-button\"><a class=\"wp-block-button__link\" href=\"https:\/\/www.ticketone.it\/event\/festival-suoni-e-colori-in-toscana-2023-castello-di-volognano-17492862\/\">COMPRA IL BIGLIETTO<\/a><\/div>\n<\/div>\n\n\n\n<hr class=\"wp-block-separator is-style-wide\"\/>\n\n\n\n<h3 class=\"wp-block-heading\">Lun 4-9 Pieve di SAN LEOLINO<\/h3>\n\n\n\n<p>Via della Pieve, 5, 50067 Rignano sull&#8217;Arno FI<\/p>\n\n\n\n<h2 class=\"wp-block-heading\">ARIE DA CAMERA<\/h2>\n\n\n\n<p><strong>Classici da camera del Maggio Musicale Fiorentino<\/strong><br><span style=\"text-decoration: underline;\">Programma da definire<\/span><\/p>\n\n\n\n<p><strong>INGRESSO GRATUITO AD OFFERTA VOLONTARIA<\/strong><\/p>\n\n\n\n<hr class=\"wp-block-separator is-style-wide\"\/>\n\n\n\n<h3 class=\"wp-block-heading\">Mer 6-9 VILLA PITIANA<\/h3>\n\n\n\n<p>Via provinciale per tosi, 7, 50066 Reggello FI<\/p>\n\n\n\n<h2 class=\"wp-block-heading\">LE RAGAZZE DI VIA SAVOIA 31<\/h2>\n\n\n\n<p><strong>Musical con Elisabetta Tulli<br>Di Elisabetta Tulle e Andrea Calandrini<\/strong><\/p>\n\n\n\n<div class=\"wp-block-image\"><figure class=\"alignright size-large is-resized\"><img loading=\"lazy\" decoding=\"async\" src=\"https:\/\/www.suoniecoloriintoscana.it\/wp-content\/uploads\/2023\/08\/locandina_ragazze_viasavoia2023-730x1024.jpg\" alt=\"\" class=\"wp-image-139\" width=\"290\" height=\"407\" srcset=\"https:\/\/www.suoniecoloriintoscana.it\/wp-content\/uploads\/2023\/08\/locandina_ragazze_viasavoia2023-730x1024.jpg 730w, https:\/\/www.suoniecoloriintoscana.it\/wp-content\/uploads\/2023\/08\/locandina_ragazze_viasavoia2023-214x300.jpg 214w, https:\/\/www.suoniecoloriintoscana.it\/wp-content\/uploads\/2023\/08\/locandina_ragazze_viasavoia2023-768x1077.jpg 768w, https:\/\/www.suoniecoloriintoscana.it\/wp-content\/uploads\/2023\/08\/locandina_ragazze_viasavoia2023-1096x1536.jpg 1096w, https:\/\/www.suoniecoloriintoscana.it\/wp-content\/uploads\/2023\/08\/locandina_ragazze_viasavoia2023-1461x2048.jpg 1461w, https:\/\/www.suoniecoloriintoscana.it\/wp-content\/uploads\/2023\/08\/locandina_ragazze_viasavoia2023-860x1206.jpg 860w, https:\/\/www.suoniecoloriintoscana.it\/wp-content\/uploads\/2023\/08\/locandina_ragazze_viasavoia2023-scaled.jpg 1826w\" sizes=\"auto, (max-width: 290px) 100vw, 290px\" \/><\/figure><\/div>\n\n\n\n<p>15 gennaio 1951. Un fatto vero che commosse tutta Roma. Duecento candidate per un solo posto da dattilografa. La scala del palazzo dove erano in attesa del colloquio crolla. Anche Caterina, Ester, Lucia e Rosa aspettano su quelle scale; sono quattro donne frutto della fantasia dell\u2019autrice, cos\u00ec diverse per origini, obiettivi e vita vissuta, ma complementari rappresentano \u201cLa donna\u201d che dagli anni 50 ad oggi non ha fatto molta strada nel mondo del lavoro e anche loro vanno incontro al proprio destino.<br>\u00ab\u2026 Attraverso le parole scritte magnificamente per questo testo complesso, con una sedia ed una piramide di panni con i quali vestire di volta in volta i personaggi, Elisabetta Tulli ha viaggiato con leggerezza ed enorme capacit\u00e0 espressiva nelle storie, nei dialetti, nelle voci diEster, Caterina, Lucia e Rosa, passando da una caratterizzazione all&#8217;altra con naturalezza disarmante. La tragedia dell&#8217;evento \u00e8 stata resa teatralmente attuale grazie alla capacit\u00e0 che ha avuto la Tulli vestendo i personaggi di verit\u00e0 anche nella battuta brillante.\u00bb Maria Domenica Ferrara \u2013 Teatro.it<\/p>\n\n\n\n<div class=\"wp-block-buttons is-layout-flex wp-block-buttons-is-layout-flex\">\n<div class=\"wp-block-button\"><a class=\"wp-block-button__link\" href=\"https:\/\/www.ticketone.it\/event\/festival-suoni-e-colori-in-toscana-2023-villa-pitiana-17491707\/\">COMPRA IL BIGLIETTO<\/a><\/div>\n<\/div>\n\n\n\n<hr class=\"wp-block-separator is-style-wide\"\/>\n\n\n\n<h3 class=\"wp-block-heading\">Sab 9-9 SALA IRIS<\/h3>\n\n\n\n<p>Piazza Ghiandelli, Cellai, Rignano sull&#8217;Arno, FI<\/p>\n\n\n\n<h2 class=\"wp-block-heading\">ROSSANA CASALE \u2013 JONI<\/h2>\n\n\n\n<p><strong>Con Emiliano Begni (pianoforte)<br>Francesco Consaga (sax soprano e flauto traverso)<br>Ermanno Dodaro (contrabbasso)<br>Gino Cardamone (chitarra jazz)<\/strong><\/p>\n\n\n\n<figure class=\"wp-block-image size-large\"><img loading=\"lazy\" decoding=\"async\" width=\"1024\" height=\"576\" src=\"https:\/\/www.suoniecoloriintoscana.it\/wp-content\/uploads\/2023\/08\/Rossana-Casale-JONI-Foto-di-Michele-Rossetti-01-1024x576.jpg\" alt=\"\" class=\"wp-image-140\" srcset=\"https:\/\/www.suoniecoloriintoscana.it\/wp-content\/uploads\/2023\/08\/Rossana-Casale-JONI-Foto-di-Michele-Rossetti-01-1024x576.jpg 1024w, https:\/\/www.suoniecoloriintoscana.it\/wp-content\/uploads\/2023\/08\/Rossana-Casale-JONI-Foto-di-Michele-Rossetti-01-300x169.jpg 300w, https:\/\/www.suoniecoloriintoscana.it\/wp-content\/uploads\/2023\/08\/Rossana-Casale-JONI-Foto-di-Michele-Rossetti-01-768x432.jpg 768w, https:\/\/www.suoniecoloriintoscana.it\/wp-content\/uploads\/2023\/08\/Rossana-Casale-JONI-Foto-di-Michele-Rossetti-01-1536x864.jpg 1536w, https:\/\/www.suoniecoloriintoscana.it\/wp-content\/uploads\/2023\/08\/Rossana-Casale-JONI-Foto-di-Michele-Rossetti-01-860x484.jpg 860w, https:\/\/www.suoniecoloriintoscana.it\/wp-content\/uploads\/2023\/08\/Rossana-Casale-JONI-Foto-di-Michele-Rossetti-01.jpg 1920w\" sizes=\"auto, (max-width: 1024px) 100vw, 1024px\" \/><\/figure>\n\n\n\n<p>Uscito per Egea il 7 novembre 2022, il nuovo album di Rossana Casale \u201cJoni\u201d \u00e8 un omaggio \u201cin jazz\u201d all\u2019immensa cantautrice americana Joni Mitchell, capace di ispirare gli artisti di tutto il mondo con i suoi testi e la sua musica, contrassegnata da uno stile che si muove tra il folk, il jazz, il pop, il rock e la rock beat. Della leggendaria musicista americana (e del tributo discografico a lei dedicato) dice la Casale: \u201c\u00c8 stata la mia prima guida, il mio primissimo ascolto, insieme ai dischi jazz di mio padre. Mi chiudevo in salotto e mettevo i suoi album, soprattutto \u2018Blue\u2019 e mi lasciavo trasportare dalle parole dei suoi incredibili testi. Con \u2018Woodstock\u2019, suonato solo sui tasti neri del piano, a sedici anni ho passato l\u2019ammissione di canto in Conservatorio a Milano. Da lei, per tutta la prima parte della mia carriera, ho tratto ispirazione per le mie scelte armoniche nella composizione e nei brani che scrivevano per me e sui quali io aggiungevo i testi che volevano s\u00ec raccontare ma senza essere mai troppo diretti. In questo album ho rispettato la sua scrittura nello svolgimento di ogni brano, per poi dare al jazz il ruolo del volo, del pittore che spazia con i colori ispirati dalle parole di Joni\u201d.<\/p>\n\n\n\n<div class=\"wp-block-buttons is-layout-flex wp-block-buttons-is-layout-flex\">\n<div class=\"wp-block-button\"><a class=\"wp-block-button__link\" href=\"https:\/\/www.ticketone.it\/event\/festival-suoni-e-colori-in-toscana-2023-sala-iris-17491708\/\">COMPRA IL BIGLIETTO<\/a><\/div>\n<\/div>\n\n\n\n<hr class=\"wp-block-separator is-style-wide\"\/>\n\n\n\n<h3 class=\"wp-block-heading\">Lun 11-9 IL PALAGIO<\/h3>\n\n\n\n<p>Via il Palagio, 59, 50067 Rignano sull&#8217;Arno FI<\/p>\n\n\n\n<h2 class=\"wp-block-heading\">I BISCHERI BUONIE LE BELLE PASSANTI<br>Uomini e donne secondo Georges Brassens<\/h2>\n\n\n\n<div class=\"wp-block-image\"><figure class=\"alignright size-large is-resized\"><img loading=\"lazy\" decoding=\"async\" src=\"https:\/\/www.suoniecoloriintoscana.it\/wp-content\/uploads\/2023\/08\/Georges_Brassens-640x1024.jpeg\" alt=\"\" class=\"wp-image-141\" width=\"234\" height=\"374\" srcset=\"https:\/\/www.suoniecoloriintoscana.it\/wp-content\/uploads\/2023\/08\/Georges_Brassens-640x1024.jpeg 640w, https:\/\/www.suoniecoloriintoscana.it\/wp-content\/uploads\/2023\/08\/Georges_Brassens-188x300.jpeg 188w, https:\/\/www.suoniecoloriintoscana.it\/wp-content\/uploads\/2023\/08\/Georges_Brassens-768x1229.jpeg 768w, https:\/\/www.suoniecoloriintoscana.it\/wp-content\/uploads\/2023\/08\/Georges_Brassens-960x1536.jpeg 960w, https:\/\/www.suoniecoloriintoscana.it\/wp-content\/uploads\/2023\/08\/Georges_Brassens-1280x2048.jpeg 1280w, https:\/\/www.suoniecoloriintoscana.it\/wp-content\/uploads\/2023\/08\/Georges_Brassens-860x1376.jpeg 860w, https:\/\/www.suoniecoloriintoscana.it\/wp-content\/uploads\/2023\/08\/Georges_Brassens-scaled.jpeg 1600w\" sizes=\"auto, (max-width: 234px) 100vw, 234px\" \/><\/figure><\/div>\n\n\n\n<p><strong>Omaggio a BRASSENS con Fabio Fantini e Federico Piras<\/strong><\/p>\n\n\n\n<p>Georges Brassens \u00e8 il pi\u00f9 italiano dei cantautori francesi.<br>Al di l\u00e0 delle proprie origini (lucane, da parte di madre) \u00e8 stato l\u2019autore che pi\u00f9 ha influenzato la canzone d\u2019autore italiana. Fabrizio de Andr\u00e9 in testa, che lo adorava e non l\u2019ha mai voluto incontrare, tanto alta era la sua considerazione nei confronti del francese, tanto grande la paura di una delusione. Era un innovatore in musica e parole, che negli anni Cinquanta ha rivoluzionato il modo di scrivere canzoni cambiando di fatto anche il volto della musica italiana.<\/p>\n\n\n\n<p>Brassens nel suo canzoniere ha creato un mondo, un mondo fatto di idee libertarie, e soprattutto di uomini e donne. Prostitute, poveri mascalzoni, alcolisti, giovani scapestrati, amori sublimi, amori di rapina. Canzoni che raccontano tutto l\u2019amore per gli ultimi e tutto l\u2019odio per i prepotenti e per il potere costituito. Tutto l\u2019amore per il sesso femminile in tutte le sue fogge, sublimi o meno, e tutta la comprensione per quello maschile in ogni sua manifestazione, pi\u00f9 o meno infelice. In occasione del centenario dalla nascita del cantautore francese, questo spettacolo\/recital \u00e8 un viaggio tra i personaggi maschili e femminili cantati da Georges Brassens, raccontati attraverso le sue traduzioni in italiano. \u201cI bischeri buoni e le belle passanti\u201d, la poesia e gli ideali, ma soprattutto gli uomini e le donne di Brassens cos\u00ec come ci sono stati fedelmente raccontati da Fabrizio De Andr\u00e9, Nanni Svampa, Fausto Amodei, Alessio Lega e tanti altri. Una serie di racconti in musica ironici, beffardi, commoventi, pieni d\u2019amore.<\/p>\n\n\n\n<div class=\"wp-block-buttons is-layout-flex wp-block-buttons-is-layout-flex\">\n<div class=\"wp-block-button\"><a class=\"wp-block-button__link\" href=\"https:\/\/www.ticketone.it\/event\/festival-suoni-e-colori-in-toscana-2023-villa-il-palagio-chiesetta-madonna-della-neve-17491709\/\">COMPRA IL BIGLIETTO<\/a><\/div>\n<\/div>\n\n\n\n<hr class=\"wp-block-separator is-style-wide\"\/>\n\n\n\n<h3 class=\"wp-block-heading\">Mer 13-9 SMS San Donato in collina<\/h3>\n\n\n\n<p>Via S. Donato, 25, 50067 San Donato In Collina FI<\/p>\n\n\n\n<h2 class=\"wp-block-heading\">Peppe VOLTARELLI<\/h2>\n\n\n\n<div class=\"wp-block-image\"><figure class=\"alignleft size-large is-resized\"><img loading=\"lazy\" decoding=\"async\" src=\"https:\/\/www.suoniecoloriintoscana.it\/wp-content\/uploads\/2023\/08\/Peppe-Voltarelli-La-grande-corsa-verso-Lupion\u0095polis-COVER-1024x1024.jpg\" alt=\"\" class=\"wp-image-142\" width=\"274\" height=\"274\" srcset=\"https:\/\/www.suoniecoloriintoscana.it\/wp-content\/uploads\/2023\/08\/Peppe-Voltarelli-La-grande-corsa-verso-Lupion\u0095polis-COVER-1024x1024.jpg 1024w, https:\/\/www.suoniecoloriintoscana.it\/wp-content\/uploads\/2023\/08\/Peppe-Voltarelli-La-grande-corsa-verso-Lupion\u0095polis-COVER-300x300.jpg 300w, https:\/\/www.suoniecoloriintoscana.it\/wp-content\/uploads\/2023\/08\/Peppe-Voltarelli-La-grande-corsa-verso-Lupion\u0095polis-COVER-150x150.jpg 150w, https:\/\/www.suoniecoloriintoscana.it\/wp-content\/uploads\/2023\/08\/Peppe-Voltarelli-La-grande-corsa-verso-Lupion\u0095polis-COVER-768x768.jpg 768w, https:\/\/www.suoniecoloriintoscana.it\/wp-content\/uploads\/2023\/08\/Peppe-Voltarelli-La-grande-corsa-verso-Lupion\u0095polis-COVER-1536x1536.jpg 1536w, https:\/\/www.suoniecoloriintoscana.it\/wp-content\/uploads\/2023\/08\/Peppe-Voltarelli-La-grande-corsa-verso-Lupion\u0095polis-COVER-2048x2048.jpg 2048w, https:\/\/www.suoniecoloriintoscana.it\/wp-content\/uploads\/2023\/08\/Peppe-Voltarelli-La-grande-corsa-verso-Lupion\u0095polis-COVER-860x860.jpg 860w\" sizes=\"auto, (max-width: 274px) 100vw, 274px\" \/><\/figure><\/div>\n\n\n\n<p>Peppe Voltarelli torna con \u201cLa grande corsa verso Lupion\u00f2polis\u201d, il nuovo album di inediti disponibile su tutte le piattaforme digitali dal 26 maggio 2023 e pubblicato dall\u2019etichetta discografica Visage Music. Si tratta del primo album di inediti ad otto anni dalla pubblicazione del fortunato \u201cVoltarelli canta Profazio\u201d e due anni dopo \u201cPlanetario\u201d, entrambi lavori premiati con la Targa Tenco come miglior album interprete rispettivamente nel 2016 e nel 2021.<\/p>\n\n\n\n<p>Il cantautore calabrese presenta la sua nuova raccolta di canzoni registrata a New York da Marc Urselli (tre Grammy Award e collaborazioni con Nick Cave e Lou Reed) nello storico EastSide Sound di Manhattan e prodotta artisticamente e arrangiata dal pianista italiano di base a Los Angeles Simone Giuliani (al suo attivo produzioni con Andrea Bocelli e la London Symphony Orchestra).<\/p>\n\n\n\n<p>Il disco, che contiene dieci nuove tracce di cui otto canzoni in dialetto calabrese, una in italiano e un valzer strumentale, \u00e8 stato registrato lo scorso febbraio e vede la presenza di musicisti di calibro internazionale quali Davin Hoff (contrabasso), Jake Owen (chitarra), Stephane San Juan (batteria), Mauro Refosco (percussioni) e la partecipazione di Eleanor Norton (violoncello), Dough Wieselman (sassofono e clarinetto) e Amy Denio (voce).<\/p>\n\n\n\n<p>Il disco \u00e8 accompagnato dal videoclip del brano \u201cNun signu sulu mai\u201d (<a href=\"https:\/\/www.youtube.com\/watch?v=srW9FfZbeng\" target=\"_blank\" rel=\"noreferrer noopener\">https:\/\/www.youtube.com\/watch?v=srW9FfZbeng<\/a>), girato nel quartiere Red Hook di Brooklyn e diretto da Giacomo Triglia (Brunori Sas, Lucio Dalla, M\u00e5neskin). La canzone vede come ospite la cantante e polistrumentista di Seattle Amy Denio dei The Tiptons Sax Quartet.<\/p>\n\n\n\n<div class=\"wp-block-buttons is-layout-flex wp-block-buttons-is-layout-flex\">\n<div class=\"wp-block-button\"><a class=\"wp-block-button__link\" href=\"https:\/\/www.ticketone.it\/event\/festival-suoni-e-colori-in-toscana-2023-circolo-sms-san-donato-in-collina-17492927\/\">COMPRA IL BIGLIETTO<\/a><\/div>\n<\/div>\n\n\n\n<hr class=\"wp-block-separator is-style-wide\"\/>\n\n\n\n<h3 class=\"wp-block-heading\">Ven 15-9 Torre a Cona<\/h3>\n\n\n\n<p>Localit\u00e0 Torre a Cona, 49, 50067 Rignano sull&#8217;Arno FI<\/p>\n\n\n\n<h2 class=\"wp-block-heading\">THE VAN BEETHOVEN GAME<br>Maggio Musicale Fiorentino<\/h2>\n\n\n\n<div class=\"wp-block-image\"><figure class=\"alignright size-large is-resized\"><img loading=\"lazy\" decoding=\"async\" src=\"https:\/\/www.suoniecoloriintoscana.it\/wp-content\/uploads\/2023\/08\/The-Van-Beethoven-Game.jpeg\" alt=\"\" class=\"wp-image-143\" width=\"275\" height=\"389\" srcset=\"https:\/\/www.suoniecoloriintoscana.it\/wp-content\/uploads\/2023\/08\/The-Van-Beethoven-Game.jpeg 724w, https:\/\/www.suoniecoloriintoscana.it\/wp-content\/uploads\/2023\/08\/The-Van-Beethoven-Game-212x300.jpeg 212w\" sizes=\"auto, (max-width: 275px) 100vw, 275px\" \/><\/figure><\/div>\n\n\n\n<p><strong>Testo e regia di Manu Lalli<\/strong><\/p>\n\n\n\n<p>Partito con Mozart e proseguito con Rossini, Game incontra quest\u2019anno uno dei pi\u00f9 grandi musicisti di tutti i tempi: Ludwig van Beethoven. Personaggio complicato, musicista immenso, segnato da dolori veri e da ossessioni alle volte particolari che lo accompagnarono per tutta la vita; prima fra tutti la sua data di nascita che rimase per lui stesso incerta e che divenne per il musicista una fissazione costante. \u201cIl mio certificato di battesimo \u00e8 errato!\u201d, urlava agli amici e agli aspiranti biografi. E quindi vedremo sulla scena: aneddoti della vita di Beethoven, relazioni private di Beethoven, memorie scritte da Beethoven, ricordi di amici e musicisti su Beethoven. Ma soprattutto ascolteremo la musica e la poesia delle voci del grande Maestro. Del resto il 2020 sar\u00e0 l\u2019anno di Beethoven: 250 anni dalla nascita del musicista!<\/p>\n\n\n\n<p><strong>INGRESSO GRATUITO AD OFFERTA VOLONTARIA<\/strong><\/p>\n\n\n\n<hr class=\"wp-block-separator\"\/>\n\n\n\n<p><strong>TUTTI I CONCERTI INIZIERANNO ALLE ORE 21.15<\/strong><\/p>\n\n\n\n<p><strong>BIGLIETTI:<\/strong><br>12\u20ac INTERO<br>10\u20ac RIDOTTO (Over 65, Under 12)<br>Acquistabili in loco la sera del concerto o su www.ticketone.it e nei punti vendita Box Office Toscana.<\/p>\n\n\n\n<p><strong>PRENOTAZIONE CONSIGLIATA<\/strong><\/p>\n\n\n\n<p>Potrete prenotare i posti tramite il modulo on line sulla homepage o chiamando il 055 8347833 \u2013 055 8347820.<\/p>\n\n\n\n<p>Tutti gli eventi sono realizzati nel rispetto delle norme contenute nei protocolli sanitari approvati con DPCM e con Ordinanze Regionali nell\u2019ambito delle misure di contrasto della pandemia da Covid-19. Eventuali ulteriori informazioni vengono fornite al momento della prenotazione.<\/p>\n","protected":false},"excerpt":{"rendered":"<p>Arrivato alla 34\u00b0 edizione , di seguito il programma del Festival Suoni e Colori in Toscana 2023 di Rignano sull&#8217;Arno Gio 31-8 Castello di VOLOGNANO Frazione Volognano, 10, 50067 Rignano sull&#8217;Arno FI STEVLAND \u2013 Stevie Wonder in Jazz Claudia Tellini, VoceNicola Vernuccio, BassoWalter Paoli, BatteriaRiccardo Galardini, ChiatarraEmanuele Parrini, Violino Stevland, un viaggio musicale all\u2019interno del&hellip;<\/p>\n","protected":false},"author":1,"featured_media":127,"parent":0,"menu_order":0,"comment_status":"closed","ping_status":"closed","template":"","meta":{"footnotes":""},"class_list":["post-128","page","type-page","status-publish","has-post-thumbnail","hentry"],"_links":{"self":[{"href":"https:\/\/www.suoniecoloriintoscana.it\/index.php\/wp-json\/wp\/v2\/pages\/128","targetHints":{"allow":["GET"]}}],"collection":[{"href":"https:\/\/www.suoniecoloriintoscana.it\/index.php\/wp-json\/wp\/v2\/pages"}],"about":[{"href":"https:\/\/www.suoniecoloriintoscana.it\/index.php\/wp-json\/wp\/v2\/types\/page"}],"author":[{"embeddable":true,"href":"https:\/\/www.suoniecoloriintoscana.it\/index.php\/wp-json\/wp\/v2\/users\/1"}],"replies":[{"embeddable":true,"href":"https:\/\/www.suoniecoloriintoscana.it\/index.php\/wp-json\/wp\/v2\/comments?post=128"}],"version-history":[{"count":5,"href":"https:\/\/www.suoniecoloriintoscana.it\/index.php\/wp-json\/wp\/v2\/pages\/128\/revisions"}],"predecessor-version":[{"id":148,"href":"https:\/\/www.suoniecoloriintoscana.it\/index.php\/wp-json\/wp\/v2\/pages\/128\/revisions\/148"}],"wp:featuredmedia":[{"embeddable":true,"href":"https:\/\/www.suoniecoloriintoscana.it\/index.php\/wp-json\/wp\/v2\/media\/127"}],"wp:attachment":[{"href":"https:\/\/www.suoniecoloriintoscana.it\/index.php\/wp-json\/wp\/v2\/media?parent=128"}],"curies":[{"name":"wp","href":"https:\/\/api.w.org\/{rel}","templated":true}]}}