{"id":37,"date":"2020-08-21T01:45:00","date_gmt":"2020-08-20T23:45:00","guid":{"rendered":"http:\/\/www.suoniecoloriintoscana.it\/?page_id=37"},"modified":"2020-08-21T01:59:08","modified_gmt":"2020-08-20T23:59:08","slug":"programma-2020","status":"publish","type":"page","link":"https:\/\/www.suoniecoloriintoscana.it\/index.php\/programma-2020\/","title":{"rendered":"PROGRAMMA 2020"},"content":{"rendered":"\n<figure class=\"wp-block-table is-style-stripes\"><table><tbody><tr><td><strong>MAGGIO MUSICALE FIORENTINO &#8211; ARIE D&#8217;OPERA<\/strong><\/td><td><strong>30-ago<\/strong><\/td><td><strong>PIEVE DI SAN LEOLINO<\/strong><\/td><\/tr><tr><td><strong>GIORGIO TIRABASSI 5TET \u2013 OMAGGIO A DJANGO REINHARDT<\/strong><\/td><td><strong>01-set<\/strong><\/td><td><strong>SAGRATO SAN PIERO IN PERTICAIA<\/strong><\/td><\/tr><tr><td><strong>Stage Albert Hera<\/strong><\/td><td><strong>2-set<\/strong><\/td><td><strong>SALA IRIS<\/strong><\/td><\/tr><tr><td><strong>&nbsp;ALBERT HERA<\/strong><\/td><td><strong>03-set<\/strong><\/td><td><strong>CASTELLO DI VOLOGNANO<\/strong><\/td><\/tr><tr><td><strong>&nbsp;TALENTI-POLIDORI-ROSSINI TRIO<\/strong><\/td><td><strong>05-set<\/strong><\/td><td><strong>PIAZZA DELLA VITTORIA<\/strong><\/td><\/tr><tr><td><strong>&nbsp;FINAZ<\/strong><\/td><td><strong>08-set<\/strong><\/td><td><strong>SALA IRIS<\/strong><\/td><\/tr><tr><td><strong>&nbsp;HERON BORELLI E DANIELA POBEGA<\/strong><\/td><td><strong>10-set<\/strong><\/td><td><strong>CASTELLO DI VOLOGNANO<\/strong><\/td><\/tr><tr><td><strong>&nbsp;KAEMMERLE \u2013 CABARET MISTICO<\/strong><\/td><td><strong>12-set<\/strong><\/td><td><strong>SALA IRIS<\/strong><\/td><\/tr><\/tbody><\/table><\/figure>\n\n\n\n<p><strong>30 Agosto<\/strong><\/p>\n\n\n\n<p><strong>ARIE D\u2019OPERA<\/strong><\/p>\n\n\n\n<p>In collaborazione con il Maggio Musicale Fiorentino<\/p>\n\n\n\n<p>PIEVE DI SAN LEOLINO \u2013 ORE 18:30<\/p>\n\n\n\n<p>Anche quest\u2019anno si rinnova la collaborazione con il Maggio Musicale Fiorentino, che porter\u00e0 al festival Suoni e Colori i migliori allievi della sua accademia musicale per una serata improntata alle pi\u00f9 famose arie d\u2019opera.<\/p>\n\n\n\n<hr class=\"wp-block-separator\"\/>\n\n\n\n<p><\/p>\n\n\n\n<p><strong>1 Settembre<\/strong><\/p>\n\n\n\n<p><strong>\u201cDJANGO REINHARDT, IL FULMINE A TRE DITA\u201d<\/strong><\/p>\n\n\n\n<p>Giorgio Tirabassi e \u2018Hot Club Roma\u2019<\/p>\n\n\n\n<p>SAN PIERO IN PERTICAIA \u2013 ORE 21:15<\/p>\n\n\n\n<p>Ideato dal chitarrista romano Gianfranco Malorgio dell\u2019Hot Club Roma in collaborazione con il direttore artistico del Festival Jazz Tradizionale di Lanciano Renato Gattone, lo spettacolo di musica e parole racconter\u00e0 al pubblico la vita del pi\u00f9 grande jazzista europeo, icona indiscussa dello stile Manouche, all\u2019apice del successo negli anni Trenta e Quaranta.<\/p>\n\n\n\n<hr class=\"wp-block-separator\"\/>\n\n\n\n<p><\/p>\n\n\n\n<p><strong>3 Settembre<\/strong><\/p>\n\n\n\n<p><strong>ALBERT HERA CONCERT SOLO<\/strong><\/p>\n\n\n\n<p>CASTELLO DI VOLOGNANO \u2013 ORE 21.15<\/p>\n\n\n\n<p>Solos \u00e8 uno spettacolo unico creato dallo straordinario talento vocale di Albert Hera.<\/p>\n\n\n\n<p>Ispirandosi alla figura africana del griot, Albert Hera si propone come un narratore di suoni che attraverso la sua voce guida il pubblico in un suggestivo viaggio nella musica attraverso spazio e tempo.<\/p>\n\n\n\n<p>I racconti vocali conducono il pubblico dalla musica classica al jazz, blues ,world music, sperimentale, elettronica cos\u00ec come brani originali.<\/p>\n\n\n\n<p>Albert Hera da vero artista contemporaneo presenta uno spettacolo senza uguali in cui l&#8217;improvvisazione condita da elementi teatrali \u00e8 il modo per condividere con il pubblico la vera essenza del fare musica e del fare arte.<\/p>\n\n\n\n<hr class=\"wp-block-separator\"\/>\n\n\n\n<p><\/p>\n\n\n\n<p><strong>5 Settembre<\/strong><\/p>\n\n\n\n<p><strong>TALENTI-POLIDORI-ROSSINI TRIO<\/strong><\/p>\n\n\n\n<p>PIAZZA DELLA VITTORIA \u2013 ORE 21.15<\/p>\n\n\n\n<p>Una serata all\u2019insegna dei grandi classici della bossa nova e latin jazz con tre dei migliori talenti toscani<\/p>\n\n\n\n<hr class=\"wp-block-separator\"\/>\n\n\n\n<p><\/p>\n\n\n\n<p><strong>8 Settembre<\/strong><\/p>\n\n\n\n<p><strong>FINAZ<\/strong><\/p>\n\n\n\n<p>SALA IRIS \u2013 ORE 21.15<\/p>\n\n\n\n<p>Finaz, chitarrista della Bandabard\u00f2 pi\u00f9 volte premiato come miglior chitarrista italiano, porta al festival il suo concerto solista, con brani originali dal suo repertorio e rielaborazioni per chitarra sola. <em>Finaz guitar solo<\/em>&nbsp;\u00e8 un concerto di chitarra acustica, ma non solo. Il progetto si realizza attraverso un rapporto totale tra il musicista e lo strumento, portando le possibilit\u00e0 sonore della Martin di Finaz alla massima espansione. Basato quasi completamente su composizioni originali, il concerto si presenta come un omaggio alla sei corde che, di brano in brano, si trasforma in una piccola orchestra: dalla chitarra acustica escono suoni di batteria, basso, sezioni di fiati, tutti giocati sul sottile filo da equilibrista del virtuoso chitarrista toscano. Il tutto senza basi, loop o parti registrate di alcun tipo. Finaz si muove sicuro tra reggae e psichedelia, virtuosismo e intensit\u00e0 espressiva, polifonicit\u00e0 e romanticismo, supportato dalla sua solidissima tecnica fingerpicking, per un concerto che se \u00e8 certamente un must per chitarristi e appassionati di chitarra, non manca di coinvolgere anche il pubblico pi\u00f9 lontano dal culto della sei corde.<\/p>\n\n\n\n<hr class=\"wp-block-separator\"\/>\n\n\n\n<p><\/p>\n\n\n\n<p><strong>10 Settembre<\/strong><\/p>\n\n\n\n<p><strong>HERON BORELLI E DANIELA POBEGA<\/strong><\/p>\n\n\n\n<p>CASTELLO DI VOLOGNANO \u2013 ORE 21.15<\/p>\n\n\n\n<p>Due dei maggiori interpreti del musical italiano in una serata omaggio al teatro musicale italiano e internazionale.<\/p>\n\n\n\n<p>Heron Borelli \u00e8 stato Febo e Gringoire nel Notre Dame originale e ha ricoperto numerosi ruoli in musical importati a livello internazionale. Daniela Pobega \u00e8 l\u2019artista italiana con le maggiori performance nel tempio del musical: \u00e8 stata la voce principale di Dirty Dancing a Londra e Naala del Re Leone a Madrid per molti anni, oltre ad avere interpretato in patria, ruoli da protagonista in Pinocchio, Jesus Christ Superstar e Little Shop of Horror, tra gli altri.<\/p>\n\n\n\n<hr class=\"wp-block-separator\"\/>\n\n\n\n<p><\/p>\n\n\n\n<p>12 Settembre<\/p>\n\n\n\n<p><strong>ANDREA KAEMMERLE \u2013 CABARET MISTICO<\/strong><\/p>\n\n\n\n<p>SALA IRIS \u2013 ORE 21.15<\/p>\n\n\n\n<p>Torna al festiva Suoni e Colori Andrea Kaemmerle e il suo soldato Svejk.<\/p>\n\n\n\n<p>Il clown-soldato Svejk con i capelli stopposi da spaventapasseri ingenuo e tonto e il naso rosso da ubriacone, ci racconter\u00e0 aneddoti e ci dar\u00e0 consigli per saltare gli ostacoli della vita e ridere sulle angosce e le paure pi\u00f9 comuni. E cos\u00ec in un vortice travolgente di musiche Balcanike e storielle consolatorie e corroboranti (che da ogni parte del mondo ci vengono tramandate) , trascorreremo una serata vulcanica, comica, dissacratoria e tragicamente profetica.<br>Cabaret perch\u00e9 Svejk\/Kaemmerle giocher\u00e0 con il pubblico pi\u00f9 di sempre con la sua solita e poetica cattiveria trasognata, Mistico perch\u00e9 si lascer\u00e0 condurre dalle energie della serata coinvolgendoci in un viaggio di cui potremmo non conoscere la fine&#8230;<\/p>\n\n\n\n<p><\/p>\n","protected":false},"excerpt":{"rendered":"<p>MAGGIO MUSICALE FIORENTINO &#8211; ARIE D&#8217;OPERA 30-ago PIEVE DI SAN LEOLINO GIORGIO TIRABASSI 5TET \u2013 OMAGGIO A DJANGO REINHARDT 01-set SAGRATO SAN PIERO IN PERTICAIA Stage Albert Hera 2-set SALA IRIS &nbsp;ALBERT HERA 03-set CASTELLO DI VOLOGNANO &nbsp;TALENTI-POLIDORI-ROSSINI TRIO 05-set PIAZZA DELLA VITTORIA &nbsp;FINAZ 08-set SALA IRIS &nbsp;HERON BORELLI E DANIELA POBEGA 10-set CASTELLO DI&hellip;<\/p>\n","protected":false},"author":1,"featured_media":0,"parent":0,"menu_order":0,"comment_status":"closed","ping_status":"closed","template":"","meta":{"footnotes":""},"class_list":["post-37","page","type-page","status-publish","hentry"],"_links":{"self":[{"href":"https:\/\/www.suoniecoloriintoscana.it\/index.php\/wp-json\/wp\/v2\/pages\/37","targetHints":{"allow":["GET"]}}],"collection":[{"href":"https:\/\/www.suoniecoloriintoscana.it\/index.php\/wp-json\/wp\/v2\/pages"}],"about":[{"href":"https:\/\/www.suoniecoloriintoscana.it\/index.php\/wp-json\/wp\/v2\/types\/page"}],"author":[{"embeddable":true,"href":"https:\/\/www.suoniecoloriintoscana.it\/index.php\/wp-json\/wp\/v2\/users\/1"}],"replies":[{"embeddable":true,"href":"https:\/\/www.suoniecoloriintoscana.it\/index.php\/wp-json\/wp\/v2\/comments?post=37"}],"version-history":[{"count":3,"href":"https:\/\/www.suoniecoloriintoscana.it\/index.php\/wp-json\/wp\/v2\/pages\/37\/revisions"}],"predecessor-version":[{"id":43,"href":"https:\/\/www.suoniecoloriintoscana.it\/index.php\/wp-json\/wp\/v2\/pages\/37\/revisions\/43"}],"wp:attachment":[{"href":"https:\/\/www.suoniecoloriintoscana.it\/index.php\/wp-json\/wp\/v2\/media?parent=37"}],"curies":[{"name":"wp","href":"https:\/\/api.w.org\/{rel}","templated":true}]}}

<figure class="wp-block-table is-style-stripes"><table><tbody><tr><td><strong>MAGGIO MUSICALE FIORENTINO &#8211; ARIE D&#8217;OPERA</strong></td><td><strong>30-ago</strong></td><td><strong>PIEVE DI SAN LEOLINO</strong></td></tr><tr><td><strong>GIORGIO TIRABASSI 5TET – OMAGGIO A DJANGO REINHARDT</strong></td><td><strong>01-set</strong></td><td><strong>SAGRATO SAN PIERO IN PERTICAIA</strong></td></tr><tr><td><strong>Stage Albert Hera</strong></td><td><strong>2-set</strong></td><td><strong>SALA IRIS</strong></td></tr><tr><td><strong>&nbsp;ALBERT HERA</strong></td><td><strong>03-set</strong></td><td><strong>CASTELLO DI VOLOGNANO</strong></td></tr><tr><td><strong>&nbsp;TALENTI-POLIDORI-ROSSINI TRIO</strong></td><td><strong>05-set</strong></td><td><strong>PIAZZA DELLA VITTORIA</strong></td></tr><tr><td><strong>&nbsp;FINAZ</strong></td><td><strong>08-set</strong></td><td><strong>SALA IRIS</strong></td></tr><tr><td><strong>&nbsp;HERON BORELLI E DANIELA POBEGA</strong></td><td><strong>10-set</strong></td><td><strong>CASTELLO DI VOLOGNANO</strong></td></tr><tr><td><strong>&nbsp;KAEMMERLE – CABARET MISTICO</strong></td><td><strong>12-set</strong></td><td><strong>SALA IRIS</strong></td></tr></tbody></table></figure>



<p><strong>30 Agosto</strong></p>



<p><strong>ARIE D’OPERA</strong></p>



<p>In collaborazione con il Maggio Musicale Fiorentino</p>



<p>PIEVE DI SAN LEOLINO – ORE 18:30</p>



<p>Anche quest’anno si rinnova la collaborazione con il Maggio Musicale Fiorentino, che porterà al festival Suoni e Colori i migliori allievi della sua accademia musicale per una serata improntata alle più famose arie d’opera.</p>



<hr class="wp-block-separator"/>



<p></p>



<p><strong>1 Settembre</strong></p>



<p><strong>“DJANGO REINHARDT, IL FULMINE A TRE DITA”</strong></p>



<p>Giorgio Tirabassi e ‘Hot Club Roma’</p>



<p>SAN PIERO IN PERTICAIA – ORE 21:15</p>



<p>Ideato dal chitarrista romano Gianfranco Malorgio dell’Hot Club Roma in collaborazione con il direttore artistico del Festival Jazz Tradizionale di Lanciano Renato Gattone, lo spettacolo di musica e parole racconterà al pubblico la vita del più grande jazzista europeo, icona indiscussa dello stile Manouche, all’apice del successo negli anni Trenta e Quaranta.</p>



<hr class="wp-block-separator"/>



<p></p>



<p><strong>3 Settembre</strong></p>



<p><strong>ALBERT HERA CONCERT SOLO</strong></p>



<p>CASTELLO DI VOLOGNANO – ORE 21.15</p>



<p>Solos è uno spettacolo unico creato dallo straordinario talento vocale di Albert Hera.</p>



<p>Ispirandosi alla figura africana del griot, Albert Hera si propone come un narratore di suoni che attraverso la sua voce guida il pubblico in un suggestivo viaggio nella musica attraverso spazio e tempo.</p>



<p>I racconti vocali conducono il pubblico dalla musica classica al jazz, blues ,world music, sperimentale, elettronica così come brani originali.</p>



<p>Albert Hera da vero artista contemporaneo presenta uno spettacolo senza uguali in cui l&#8217;improvvisazione condita da elementi teatrali è il modo per condividere con il pubblico la vera essenza del fare musica e del fare arte.</p>



<hr class="wp-block-separator"/>



<p></p>



<p><strong>5 Settembre</strong></p>



<p><strong>TALENTI-POLIDORI-ROSSINI TRIO</strong></p>



<p>PIAZZA DELLA VITTORIA – ORE 21.15</p>



<p>Una serata all’insegna dei grandi classici della bossa nova e latin jazz con tre dei migliori talenti toscani</p>



<hr class="wp-block-separator"/>



<p></p>



<p><strong>8 Settembre</strong></p>



<p><strong>FINAZ</strong></p>



<p>SALA IRIS – ORE 21.15</p>



<p>Finaz, chitarrista della Bandabardò più volte premiato come miglior chitarrista italiano, porta al festival il suo concerto solista, con brani originali dal suo repertorio e rielaborazioni per chitarra sola. <em>Finaz guitar solo</em>&nbsp;è un concerto di chitarra acustica, ma non solo. Il progetto si realizza attraverso un rapporto totale tra il musicista e lo strumento, portando le possibilità sonore della Martin di Finaz alla massima espansione. Basato quasi completamente su composizioni originali, il concerto si presenta come un omaggio alla sei corde che, di brano in brano, si trasforma in una piccola orchestra: dalla chitarra acustica escono suoni di batteria, basso, sezioni di fiati, tutti giocati sul sottile filo da equilibrista del virtuoso chitarrista toscano. Il tutto senza basi, loop o parti registrate di alcun tipo. Finaz si muove sicuro tra reggae e psichedelia, virtuosismo e intensità espressiva, polifonicità e romanticismo, supportato dalla sua solidissima tecnica fingerpicking, per un concerto che se è certamente un must per chitarristi e appassionati di chitarra, non manca di coinvolgere anche il pubblico più lontano dal culto della sei corde.</p>



<hr class="wp-block-separator"/>



<p></p>



<p><strong>10 Settembre</strong></p>



<p><strong>HERON BORELLI E DANIELA POBEGA</strong></p>



<p>CASTELLO DI VOLOGNANO – ORE 21.15</p>



<p>Due dei maggiori interpreti del musical italiano in una serata omaggio al teatro musicale italiano e internazionale.</p>



<p>Heron Borelli è stato Febo e Gringoire nel Notre Dame originale e ha ricoperto numerosi ruoli in musical importati a livello internazionale. Daniela Pobega è l’artista italiana con le maggiori performance nel tempio del musical: è stata la voce principale di Dirty Dancing a Londra e Naala del Re Leone a Madrid per molti anni, oltre ad avere interpretato in patria, ruoli da protagonista in Pinocchio, Jesus Christ Superstar e Little Shop of Horror, tra gli altri.</p>



<hr class="wp-block-separator"/>



<p></p>



<p>12 Settembre</p>



<p><strong>ANDREA KAEMMERLE – CABARET MISTICO</strong></p>



<p>SALA IRIS – ORE 21.15</p>



<p>Torna al festiva Suoni e Colori Andrea Kaemmerle e il suo soldato Svejk.</p>



<p>Il clown-soldato Svejk con i capelli stopposi da spaventapasseri ingenuo e tonto e il naso rosso da ubriacone, ci racconterà aneddoti e ci darà consigli per saltare gli ostacoli della vita e ridere sulle angosce e le paure più comuni. E così in un vortice travolgente di musiche Balcanike e storielle consolatorie e corroboranti (che da ogni parte del mondo ci vengono tramandate) , trascorreremo una serata vulcanica, comica, dissacratoria e tragicamente profetica.<br>Cabaret perché Svejk/Kaemmerle giocherà con il pubblico più di sempre con la sua solita e poetica cattiveria trasognata, Mistico perché si lascerà condurre dalle energie della serata coinvolgendoci in un viaggio di cui potremmo non conoscere la fine&#8230;</p>



<p></p>
